
True
Is 9354557 a composite number?
False
Is 24090799 composite?
False
Is 19646317 composite?
False
Is 5250307 composite?
True
Is 10543699 a prime number?
True
Is 4909589 composite?
True
Is 10573621 a prime number?
True
Is 953717 a composite number?
True
Is 237301 composite?
False
Is 4831889 a prime number?
True
Is 181281 a prime number?
False
Is 21381589 composite?
True
Is 15624799 a composite number?
False
Is 208226443 prime?
True
Is 586349 a composite number?
False
Is 768538067 a prime number?
False
Is 27567599 a composite number?
False
Is 18046589 prime?
False
Is 4438009 composite?
False
Is 25771895 prime?
False
Is 3285973 a prime number?
False
Is 46465919 composite?
True
Is 604559 composite?
False
Is 45799223 a prime number?
False
Is 195707441 prime?
True
Is 11351602 a composite number?
True
Is 32945743 composite?
False
Is 274559419 a composite number?
False
Is 7034669 prime?
True
Is 10636597 a composite number?
True
Is 6052229 prime?
False
Is 2095177 composite?
True
Is 12175841 a prime number?
False
Is 2437679 a prime number?
False
Is 58827019 a prime number?
True
Is 262892887 prime?
True
Is 5397221 a composite number?
False
Is 11948491 composite?
False
Is 3184585 a composite number?
True
Is 91023635 a prime number?
False
Is 6052073 composite?
False
Is 1502909 a composite number?
False
Is 144205981 composite?
True
Is 181782787 a composite number?
False
Is 364902827 a prime number?
False
Is 177534767 prime?
False
Is 332332701 a composite number?
True
Is 3643093 a composite number?
True
Is 12314881 prime?
False
Is 2546101 a prime number?
True
Is 162743993 composite?
True
Is 6425261 a prime number?
False
Is 165862195 prime?
False
Is 100551749 composite?
True
Is 140674663 composite?
False
Is 24663985 prime?
False
Is 84272107 a composite number?
False
Is 109153 prime?
False
Is 35715749 prime?
True
Is 2149649 a prime number?
False
Is 53999 a composite number?
True
Is 1189553 prime?
True
Is 14600903 composite?
True
Is 18549499 prime?
False
Is 8372359 composite?
False
Is 156158 a prime number?
False
Is 495137059 prime?
False
Is 51627403 prime?
True
Is 3515257 a prime number?
True
Is 1614857 composite?
True
Is 2182589 a prime number?
False
Is 1501421 a prime number?
False
Is 3779861 a composite number?
True
Is 421877323 a prime number?
False
Is 54777511 composite?
True
Is 23030229 a prime number?
False
Is 79736159 a prime number?
True
Is 5918599 a composite number?
False
Is 8712141 composite?
True
Is 185620081 a composite number?
True
Is 2596717 a composite number?
False
Is 6218629 prime?
False
Is 13931947 prime?
False
Is 27468569 prime?
True
Is 29802677 a composite number?
True
Is 5709553 composite?
True
Is 1815977 a composite number?
False
Is 57620527 a prime number?
True
Is 13207429 prime?
True
Is 38410961 a prime number?
True
Is 102168847 prime?
False
Is 13894997 composite?
False
Is 314815607 a composite number?
True
Is 11408791 composite?
True
Is 123539545 composite?
True
Is 44805691 a composite number?
True
Is 12159941 prime?
True
Is 32952407 a composite number?
False
Is 14124883 composite?
True
Is 591699583 prime?
True
Is 699307 a prime number?
False
Is 16528277 composite?
False
Is 20083793 a composite number?
True
Is 88449967 a prime number?
True
Is 2857 a composite number?
False
Is 2584247 prime?
False
Is 140891 composite?
False
Is 1694123 a composite number?
False
Is 1203211 a composite number?
False
Is 23068391 a prime number?
True
Is 3300491 prime?
True
Is 5750351 prime?
True
Is 16576267 a prime number?
True
Is 55102291 composite?
True
Is 37094401 composite?
False
Is 3125417 a prime number?
False
Is 68085473 a prime number?
False
Is 5815013 a prime number?
True
Is 9722879 a prime number?
True
Is 1440611 a prime number?
True
Is 202351697 prime?
False
Is 9247019 composite?
False
Is 37518973 a prime number?
False
Is 5621533 prime?
False
Is 11545405 prime?
False
Is 2626511 a prime number?
True
Is 44216563 a prime number?
True
Is 383423201 a composite number?
True
Is 328192931 a prime number?
False
Is 3165089 composite?
True
Is 2688767 composite?
False
Is 9152051 a composite number?
False
Is 82149439 a prime number?
False
Is 32133733 a composite number?
False
Is 66368611 a prime number?
False
Is 1599181 a composite number?
False
Is 58448987 a prime number?
False
Is 35196787 a composite number?
False
Is 1878367 prime?
True
Is 2536041 prime?
False
Is 8976133 a composite number?
True
Is 19519183 composite?
False
Is 13339039 a composite number?
True
Is 665997851 prime?
True
Is 3511 composite?
False
Is 42932147 a composite number?
True
Is 48076913 prime?
True
Is 7027021 a composite number?
False
Is 193288477 composite?
False
Is 6385181 composite?
True
Is 45850837 a prime number?
True
Is 244344059 a composite number?
False
Is 27892679 prime?
True
Is 14585663 prime?
True
Is 4243279 prime?
True
Is 1132843 prime?
False
Is 225639597 prime?
False
Is 7119533 prime?
True
Is 14154079 a composite number?
False
Is 60145334 prime?
False
Is 98233861 composite?
True
Is 9833669 a composite number?
True
Is 11481893 a prime number?
True
Is 3279037 a prime number?
True
Is 967345 prime?
False
Is 1408003 composite?
True
Is 22288033 prime?
False
Is 482263 composite?
False
Is 16805603 a composite number?
True
Is 371389391 prime?
False
Is 8432071 prime?
True
Is 51854057 a composite number?
True
Is 679097 composite?
True
Is 222853471 a prime number?
False
Is 16454383 composite?
True
Is 214057939 a composite number?
False
Is 8195623 composite?
True
Is 6296341 a prime number?
False
Is 11209513 a prime number?
False
Is 430063 a prime number?
False
Is 1417931 a composite number?
False
Is 7030193 composite?
False
Is 441815971 a prime number?
False
Is 3072901 composite?
True
Is 5163343 prime?
True
Is 236173733 a prime number?
True
Is 706983 composite?
True
Is 256027049 prime?
False
Is 757072991 prime?
False
Is 1756357 prime?
True
Is 3087089 a prime number?
True
Is 62424941 composite?
True
Is 48766169 a prime number?
True
Is 30252317 prime?
True
Is 8300597 composite?
False
Is 1706921 composite?
True
Is 23748145 prime?
False
Is 111466001 prime?
False
Is 193417 composite?
True
Is 175766881 composite?
True
Is 349211 composite?
False
Is 2791181 a prime number?
True
Is 21042877 a prime number?
True
Is 2166501 prime?
False
Is 980393 a prime number?
True
Is 231886211 composite?
False
Is 5325445 composite?
True
Is 728940467 a prime number?
False
Is 56666249 composite?
False
Is 6826733 prime?
False
Is 93835219 prime?
False
Is 38356783 a prime number?
True
Is 9256469 a composite number?
False
Is 86590783 composite?
False
Is 3234469 a composite number?
True
Is 28406933 prime?
False
Is 253772339 prime?
True
Is 17068307 prime?
False
Is 1846711 composite?
False
Is 6292105 a prime number?
False
Is 101735267 a prime number?
True
Is 2434979 composite?
True
Is 6414269 prime?
True
Is 823737 a prime number?
False
Is 557932429 a prime number?
True
Is 315923 prime?
False
Is 46711 prime?
False
Is 16244509 a prime number?
False
Is 260651459 composite?
True
Is 26937349 a prime number?
True
Is 29759813 prime?
True
Is 12020431 a composite number?
False
Is 1560511 a composite number?
False
Is 9680173 prime?
True
Is 1003721807 prime?
False
Is 43944359 prime?
False
Is 308908903 prime?
False
Is 167483291 a composite number?
True
Is 61489457 composite?
False
Is 1139043 a prime number?
False
Is 135749863 a prime number?
True
Is 23137157 composite?
True
Is 4370558 a composite number?
True
Is 40326581 a prime number?
False
Is 120957679 prime?
False
Is 97558139 a composite number?
True
Is 33015613 a composite number?
False
Is 115436417 composite?
False
Is 52092173 a prime number?
False
Is 904617121 a prime number?
False
Is 153017363 composite?
False
Is 234658 a composite number?
True
Is 803362267 a composite number?
False
Is 349109 prime?
True
Is 291414217 a composite number?
False
Is 175019 composite?
True
Is 12100843 a prime number?
True
Is 1535563 a prime number?
True
Is 63741311 a composite number?
True
Is 4256569 composite?
True
Is 13700391 composite?
True
Is 380797 a prime number?
True
Is 14441927 a prime number?
True
Is 8766179 a composite number?
True
Is 22894439 a composite number?
True
Is 38840509 composite?
True
Is 158513207 composite?
False
Is 96068549 prime?
False
Is 78145703 prime?
False
Is